 3*p**2 - 1. Determine s(g).
-5
Let a(b) be the third derivative of b**6/120 + 11*b**5/60 + b**4/3 - 2*b**3/3 + 92*b**2. Calculate a(-10).
16
Let x(y) = -2 + 7 - 9*y + 15*y**2 + 13*y**2 + 10*y**2 - 40*y**2. What is x(-5)?
0
Let s(o) = 2*o - 28. Let q(b) = -2*b - 42. Let t(j) = 3*j + 42. Let l(p) = -6*q(p) - 5*t(p). Let u(n) = -5*l(n) - 8*s(n). Give u(7).
7
Let c(g) = -18*g - 67. Let k be c(-4). Let t(m) = -7*m + 1. Give t(k).
-34
Let u be (8 + -7)/((-1)/51). Let n = 43 + u. Let y(b) = b**3 + 9*b**2 + 8*b + 5. Give y(n).
5
Let u = 8 + -8. Let n(w) = 5*w**2 - 7*w + 8. Let f(j) = 4*j**2 - 6*j + 6. Let l(q) = -6*f(q) + 5*n(q). Determine l(u).
4
Suppose 0 = -4*v - 7*m + 4*m + 73, 2*v - 33 = -5*m. Let i(g) = -40 - 5*g + 11 + v + 11. Calculate i(4).
-19
Suppose 5*x - 2*x = -4*v + 16, 3*v = 2*x - 5. Let g(i) = 2*i. Let u be g(x). Let c(j) = j**3 - 9*j**2 + 7*j + 4. Calculate c(u).
-4
Suppose -v + 4*v + 54 = 0. Let a = v + 3. Let f be (a/(-9))/((-5)/15). Let m(w) = -w**3 - 5*w**2 + w - 3. Give m(f).
-8
Suppose 5*h + x + 3 = 13, 3*h + 4*x = 23. Let v(s) = h - s**3 - 5*s + 1 - 5*s**2 + 12*s + 0. What is v(-6)?
-4
Let l(w) = w**3 - 3*w**2 - 6*w. Suppose 2*x - 3*c = 2*c + 6, 5*x - 4*c = 32. Let y be (x/(-24))/((-2)/30). What is l(y)?
20
Let c(y) be the second derivative of y**5/20 - y**4/6 + y**3/3 - 13*y**2/2 - 6*y. Let p(m) be the first derivative of c(m). Determine p(2).
6
Let d(i) = 1 - i + 0 - 4*i + 6*i. Suppose n = 5*l - 12, -2*n + 4*l = n + 25. Let u = n + 7. Give d(u).
1
Let i(j) be the first derivative of j**2 - 3 + 1/60*j**5 - 1/24*j**4 + 0*j + 1/3*j**3. Let l(g) be the second derivative of i(g). Determine l(2).
4
Let a(w) = -w - 2. Let p = 10 + -8. Let o(m) = m**3 + m**2 - 2*m - 1. Let b be o(p). Suppose 0 = 3*h - 1 + b. Determine a(h).
0
Let j(o) = -o**3 - o**2 - 8. Let x = -6 + 3. Give j(x).
10
Let g(b) = -b**3 - 7*b**2 + b - 3. Let f(t) = -2*t - 27. Let u be f(-10). Let w(q) = -q**2 - 8*q - 14. Let p be w(u). What is g(p)?
-10
Let f(t) = -2*t + 2. Let p be f(-3). Let v(l) = 9 - 58*l**3 + p*l**2 + 9*l + 25*l**3 + l + 34*l**3. Give v(-7).
-12
Let t(p) = 4*p - 3*p + 14 + 2*p + 9. Let v be t(-6). Let l(g) = -2*g - 6*g**2 + g**3 + 8*g + 3 - 9. What is l(v)?
-1
Let y(f) = 2*f**3. Let r = 55 - 54. Give y(r).
2
Suppose -4*k - 4*g - 35 - 5 = 0, 2*g - 34 = 4*k. Let j(w) = w**2 + 6*w - 24. What is j(k)?
3
Let q(t) be the first derivative of -t**7/840 + t**6/72 - t**5/60 - t**4/6 + t**3/3 - 13. Let r(p) be the third derivative of q(p). Determine r(3).
8
Let p(x) = -x**3 - x**2 + 2*x. Suppose 0 = 2*w - 4*i - 14, -w - i + 14 = 2*w. Suppose 2*l - 6 = -5*o, 2 = w*l + 2*o + 8. Determine p(l).
0
Let j(o) = -o**3 + 2*o**2 + 5*o - 3. Let c be j(3). Suppose -1 + 22 = -c*k. Let d = k + 12. Let w(g) = g**2 - 6*g + 6. Give w(d).
1
Let h(u) = -5*u - 12. Let k(g) = 6*g + 17. Let y(a) = 8*h(a) + 5*k(a). Determine y(5).
-61
Let v = 17 - 15. Let a(f) = v - 4*f - f + f + 6*f. What is a(-2)?
-2
Suppose -2*q + 5*n + 33 = 0, 3*q + 2*q - 51 = 2*n. Let h(u) = u**3 - 10*u**2 + 9*u - 6. Let y be h(q). Let v(b) = 2*b + 9. What is v(y)?
-3
Let l(b) = 1 + 7*b**2 + 16 + 19*b + 10*b**2 - 16*b**2 + 24. Determine l(-17).
7
Let n be -12*(6/(-9))/2. Suppose 0*v = 4*v + n. Let o(z) = -8*z**2 + 2*z + 1. What is o(v)?
-9
Let k(n) be the first derivative of 1/3*n**3 - 12 - 3*n + 1/2*n**2. Give k(3).
9
Let f be (-4)/10 + (-3)/5. Let c(b) = b - 1. Let i(g) = 5. Let h = 61 + -60. Let j(v) = f*i(v) + h*c(v). Determine j(5).
-1
Let f be -10*(-12)/30 + -4. Let q(k) = -k + 1. Calculate q(f).
1
Let t(r) be the first derivative of 53*r**3/3 + r**2/2 + 138. Give t(-1).
52
Let d(z) = z**2 - z + 1. Let w be ((-4)/5)/((-16)/40). Suppose -u + w*u + 2 = 0, 3*k = -u - 26. Let s = 5 + k. Calculate d(s).
13
Let x = -30 + 32. Let z(u) be the third derivative of 0 - 1/8*u**4 - 1/3*u**3 - 3*u**2 + 0*u. Give z(x).
-8
Let i(s) = -8*s + 3. Let t be i(0). Let j be (-2)/1 - (9 - t). Let q(y) = y + 2. Give q(j).
-6
Let j(x) = -x. Let p(o) = o**3 - 2*o**2 - 5. Let m be p(3). Let y be (m/(-10))/(14/(-15) + 1). What is j(y)?
6
Let r(y) be the second derivative of 0*y**2 - 1/3*y**4 + 0 + 1/20*y**5 + 0*y**3 - 14*y. Suppose -6*x + 3*x + 9 = 0. Give r(x).
-9
Let f(w) = 8*w + w**2 - 4*w - 2*w**2 + 2*w**2 - 5*w - 9. Determine f(4).
3
Let a(z) = z**3 - 2*z**2 + z + 4. Let h be a(3). Let y(k) = -9 + h - k - 4 + 7*k + k**2. What is y(-6)?
3
Let g be (6/4)/(7/(-28)). Let f(o) = -7*o**2 + o - 17*o**3 - 6*o + 16*o**3. Calculate f(g).
-6
Let w(i) be the first derivative of i**3/3 - i**2 + 2*i + 22. Let s be -8*3/(-6)*1. Give w(s).
10
Let o(c) = -c**3 + 8*c**2 - c + 2. Suppose -h = 4*h - 40. Let j be o(h). Let f(i) = i**3 + 5*i**2 - 7*i - 8. Calculate f(j).
-2
Let o(d) = 2*d**2 - 5*d - 1. Let l be (-18)/((-10)/(-5)*-1). Let z be 14/(-63) + 38/l. Determine o(z).
11
Let t = 38 - 39. Let v be t - -5 - (-8 - 0). Let j(p) = v - 2*p + 3*p - 12. Determine j(2).
2
Let u(p) = 4*p - 8. Let g be ((-10)/3)/(1/(-3)). Let b(r) = 3 + g*r - 17*r + 9*r - 7. Let l(q) = -7*b(q) + 3*u(q). Give l(4).
-4
Let b(q) be the third derivative of q**5/60 + q**4/24 - 5*q**3/6 + 34*q**2. What is b(-5)?
15
Let l(y) = 7*y**2 + y + 1. Let h be (2/(-8))/((-18)/(-72)) + 2. Calculate l(h).
9
Let i(p) = 4*p**3 + 4*p**2 - 8*p - 3. Let a(c) = -9*c**3 - 6*c**2 + 15*c + 7. Let u(y) = 3*a(y) + 7*i(y). Give u(-11).
0
Let z(i) = i**3 + 114*i**2 - 4 + 7*i - 57*i**2 - 63*i**2. Suppose -2*k + 11 + 17 = 0. Suppose -k = -5*q - 3*a, 0*q = 5*q - a - 22. Determine z(q).
-8
Let n(b) = b**2 - 28. Let f(l) = -l**2 + l + 29. Let o(c) = -6*f(c) - 5*n(c). Let d(j) be the first derivative of o(j). What is d(8)?
10
Let o(m) be the first derivative of -m**2/2 - m - 3. Let r(f) = f**2 - 13*f + 37. Let x be r(8). Let u be ((-3)/x)/(3/12). What is o(u)?
-5
Let t(j) = j + 7. Let r be -3 + -3 + 29 - (2 + -3). Suppose 5*g + 79 = r. Give t(g).
-4
Let k(w) = -w**2 - 4*w - 2. Let x = 0 + -2. Let g = -3 + x. Calculate k(g).
-7
Let x(h) = -4*h - 1. Let q be x(-1). Let r be 0 - (23 - 22)/((-1)/2). Let p(a) = -3*a**2 + r*a + 57*a**3 - 56*a**q - 5*a. Determine p(3).
-9
Let s(b) = -b**3 - b**2 - 1. Suppose -2*m - 12 = -2*i, i = -2*m + 2*i - 7. Let l(o) = 3*o**3 - 4*o**2 + 7*o - 3. Let u(n) = m*l(n) - 2*s(n). Determine u(4).
9
Let z(q) = 13*q - 74. Let a be z(6). Let p(s) = 2*s + 1. Determine p(a).
9
Suppose 4*z - 43 = 5*l - 18, -2*z + 3*l = -13. Let n(u) = -u**3 + 6*u**2 + 2*u + 1. Give n(z).
36
Let y(q) = 3*q - 1. Let u be y(2). Suppose -t + 4 + u = 0. Let o(b) = b - 5. Give o(t).
4
Let i be (-5 - (-63)/14)/((-2)/(-24)). Let m(h) = 8 + h**2 + 5*h - 3*h + 6*h. Determine m(i).
-4
Let h(b) be the third derivative of -1/6*b**3 - b**2 + 0 + 0*b - 1/24*b**4. Give h(-3).
2
Let f(v) = -2*v**2 + 29*v + 72. Let t be f(17). Let b(s) = s + 9. Determine b(t).
-4
Let p(q) = q**3 + 22*q**2 + 23*q + 37. Suppose 10*r + 441 = -11*r. Give p(r).
-5
Let f(d) be the third derivative of -2*d**4/3 - d**3/6 + 140*d**2. Give f(-1).
15
Let v be (1408/6)/(-22) - (-4)/6. Let i(g) = -2*g**3 - 19*g**2 + 9*g - 4. What is i(v)?
6
Let t(c) = 2 - 12878*c + 1 + 2*c**3 + 12876*c. Determine t(-2).
-9
Let b(r) = -r**2 - 4*r + 3. Let j(y) = 3*y**2 + 12*y - 10. Suppose 1 = -t + 2*q, 4*t + 20 = -q + 7. Let w(u) = t*j(u) - 8*b(u). Calculate w(-7).
-15
Let o(c) = 16 + 3*c - 39 - 5*c + 7 + 8. Calculate o(-4).
0
Let l(p) = -3*p**3 - p**2 - p - 1. Let f = 69 + -70. Determine l(f).
2
Let y(v) be the third derivative of v**5/60 - 5*v**4/24 - v**3/2 + 2*v**2. Let z be -3*-1*(-8 + 7). Give y(z).
21
Let s(z) be the second derivative of z**3 - 5/2*z**2 + 0 - 1/12*z**4 - 5*z. Calculate s(5).
0
Let z(t) be the third derivative of -t**3/6 + 6*t**2. Let p(y) = -y - 12. Let v(s) = p(s) - 6*z(s). What is v(-5)?
-1
Let w(j) be the first derivative of -j**4/4 + 5*j**3/3 + j**2/2 + 3*j + 5. What is w(6)?
-27
Let b(k) = 9 - 3*k + 2*k - 7. Suppose 6*i = 3*i + 6. Suppose 4*a = i*a. Give b(a).
2
Let l(i) = i + 9. Suppose -a + 3*u = -18, -a - 2*u - 25 = -6*a. Suppose -v = 4*r + 15, 2*v + r = a*v + 10. What is l(v)?
-2
Let n(r) = r**3 - 8*r**2 + 11*r + 11. Let o be n(6). Let y be 14/30*o + 1/(-3). Let k(z) = 2*z - 3 - 2*z + 6*z. Give k(y).
9
Let h(n) be the second derivative of -8*n**3/3 + 392*n + 1. Determine h(-1).
16
Let p(o) be the second derivative of o**7/420 + o**